{"id":1291,"date":"2025-02-24T10:47:31","date_gmt":"2025-02-24T10:47:31","guid":{"rendered":"https:\/\/www.skinful.ee\/?post_type=product&#038;p=1291"},"modified":"2026-03-18T16:54:37","modified_gmt":"2026-03-18T16:54:37","slug":"dr-jart-cryo-rubber-firming-mask","status":"publish","type":"product","link":"https:\/\/www.skinful.ee\/?product=dr-jart-cryo-rubber-firming-mask","title":{"rendered":"Dr.Jart+ Cryo Rubber Firming Mask"},"content":{"rendered":"<p>Kasutamine: puhasta ja toniseeri n\u00e4gu hoolikalt ning kanna n\u00e4omaski geeljas seerum n\u00e4ole. Teise sammuna aseta n\u00e4ole Cryo Rubber mask ning lase tootel maksimaalseks tulemuseks olla nahal 30-40 minutit. Peale maski eemaldamist masseeri \u00f5rnalt \u00fcleliigne toode nahale.<\/p>\n<p>&nbsp;<\/p>\n<p>Koostisosad:<br \/>\nEsimene samm 01: Collagen Ampoule Pack Water\/Eau, Dipropylene Glycol, Glycerin, Caprylic\/Capric Triglyceride, Niacinamide, Butylene Glycol, 1,2-Hexanediol, PEG-240\/HDI Copolymer Bis-Decyltetradeceth-20 Ether, Glyceryl Stearate, PEG-100 Stearate, Sorbitan Sesquioleate, Glycereth-26, Dimethicone, Cetearyl Alcohol, Trehalose, Mangifera Indica (Mango) Seed Butter, Macadamia Ternifolia Seed Oil, Hydrolyzed Collagen, Glyceryl Acrylate\/Acrylic Acid Copolymer, Ethylhexylglycerin, Disodium EDTA, Betaine, Allantoin, Adenosine, Eclipta Prostrata Extract, Melia Azadirachta Leaf Extract, Tocopherol, Potassium Laurate, Moringa Oleifera Seed Oil, Undaria Pinnati?da Extract, Musa Sapientum (Banana) Fruit Extract, Cynara Scolymus (Artichoke) Leaf Extract, Brassica Oleracea Capitata (Cabbage) Leaf Extract, Asparagus Of?cinalis Extract, Allium Cepa (Onion) Bulb Extract<\/p>\n<p>&nbsp;<\/p>\n<p>Teine samm 02: Cryo Rubber Firming Mask Water\/Eau, Methylpropanediol, Chondrus Crispus Extract, Glycerin, Xanthan Gum, Ceratonia Siliqua (Carob) Gum, Potassium Chloride, Dipropylene Glycol, Hydroxyace- tophenone, Sucrose, Panthenol, Polyglyceryl-10 Laurate, Algin, Titanium Dioxide\/CI 77891, Caprylyl Glycol, Eclipta Prostrata Extract, Allantoin, Calcium Chloride, Dipotassium Glycyrrhizate, Ethylhexylglycerin, Melia Azadirachta Leaf Extract, 1,2-Hexanediol, Disodium EDTA, Sodium Citrate, Ceratonia Siliqua (Carob) Fruit Extract*, Butylene Glycol, Citric Acid, Moringa Oleifera Seed Oil, Xylitylglucoside, Anhydroxylitol, Xylitol, Hydrogen Dimethicone, Glucose, Kaolin, Diatomaceous Earth\/Terre de diatomees<\/p>\n","protected":false},"excerpt":{"rendered":"<p>Koheselt v\u00e4rskendava efektiga <strong>Dr.Jart+ Cryo Rubber pinguldav mask<\/strong>\u00a0aitab parandada naha elastsust ja n\u00e4okontuure. See kahe faasiline toode muudab n\u00e4ohoolduse mugavaks ja efektiivseks t\u00e4nu k\u00f5rgelt kontsentreeritud seerumile, millel on nahka pinguldav ja siluv omadus.<\/p>\n","protected":false},"featured_media":1329,"comment_status":"open","ping_status":"closed","template":"","meta":{"site-sidebar-layout":"default","site-content-layout":"","ast-site-content-layout":"default","site-content-style":"default","site-sidebar-style":"default","ast-global-header-display":"","ast-banner-title-visibility":"","ast-main-header-display":"","ast-hfb-above-header-display":"","ast-hfb-below-header-display":"","ast-hfb-mobile-header-display":"","site-post-title":"","ast-breadcrumbs-content":"","ast-featured-img":"","footer-sml-layout":"","theme-transparent-header-meta":"default","adv-header-id-meta":"","stick-header-meta":"","header-above-stick-meta":"","header-main-stick-meta":"","header-below-stick-meta":"","astra-migrate-meta-layouts":"set","ast-page-background-enabled":"default","ast-page-background-meta":{"desktop":{"background-color":"var(--ast-global-color-4)","background-image":"","background-repeat":"repeat","background-position":"center center","background-size":"auto","background-attachment":"scroll","background-type":"","background-media":"","overlay-type":"","overlay-color":"","overlay-opacity":"","overlay-gradient":""},"tablet":{"background-color":"","background-image":"","background-repeat":"repeat","background-position":"center center","background-size":"auto","background-attachment":"scroll","background-type":"","background-media":"","overlay-type":"","overlay-color":"","overlay-opacity":"","overlay-gradient":""},"mobile":{"background-color":"","background-image":"","background-repeat":"repeat","background-position":"center center","background-size":"auto","background-attachment":"scroll","background-type":"","background-media":"","overlay-type":"","overlay-color":"","overlay-opacity":"","overlay-gradient":""}},"ast-content-background-meta":{"desktop":{"background-color":"var(--ast-global-color-5)","background-image":"","background-repeat":"repeat","background-position":"center center","background-size":"auto","background-attachment":"scroll","background-type":"","background-media":"","overlay-type":"","overlay-color":"","overlay-opacity":"","overlay-gradient":""},"tablet":{"background-color":"var(--ast-global-color-5)","background-image":"","background-repeat":"repeat","background-position":"center center","background-size":"auto","background-attachment":"scroll","background-type":"","background-media":"","overlay-type":"","overlay-color":"","overlay-opacity":"","overlay-gradient":""},"mobile":{"background-color":"var(--ast-global-color-5)","background-image":"","background-repeat":"repeat","background-position":"center center","background-size":"auto","background-attachment":"scroll","background-type":"","background-media":"","overlay-type":"","overlay-color":"","overlay-opacity":"","overlay-gradient":""}}},"product_brand":[],"product_cat":[25],"product_tag":[],"class_list":{"0":"post-1291","1":"product","2":"type-product","3":"status-publish","4":"has-post-thumbnail","6":"product_cat-maskid","7":"desktop-align-left","8":"tablet-align-left","9":"mobile-align-left","11":"first","12":"outofstock","13":"shipping-taxable","14":"purchasable","15":"product-type-simple"},"_links":{"self":[{"href":"https:\/\/www.skinful.ee\/index.php?rest_route=\/wp\/v2\/product\/1291","targetHints":{"allow":["GET"]}}],"collection":[{"href":"https:\/\/www.skinful.ee\/index.php?rest_route=\/wp\/v2\/product"}],"about":[{"href":"https:\/\/www.skinful.ee\/index.php?rest_route=\/wp\/v2\/types\/product"}],"replies":[{"embeddable":true,"href":"https:\/\/www.skinful.ee\/index.php?rest_route=%2Fwp%2Fv2%2Fcomments&post=1291"}],"wp:featuredmedia":[{"embeddable":true,"href":"https:\/\/www.skinful.ee\/index.php?rest_route=\/wp\/v2\/media\/1329"}],"wp:attachment":[{"href":"https:\/\/www.skinful.ee\/index.php?rest_route=%2Fwp%2Fv2%2Fmedia&parent=1291"}],"wp:term":[{"taxonomy":"product_brand","embeddable":true,"href":"https:\/\/www.skinful.ee\/index.php?rest_route=%2Fwp%2Fv2%2Fproduct_brand&post=1291"},{"taxonomy":"product_cat","embeddable":true,"href":"https:\/\/www.skinful.ee\/index.php?rest_route=%2Fwp%2Fv2%2Fproduct_cat&post=1291"},{"taxonomy":"product_tag","embeddable":true,"href":"https:\/\/www.skinful.ee\/index.php?rest_route=%2Fwp%2Fv2%2Fproduct_tag&post=1291"}],"curies":[{"name":"wp","href":"https:\/\/api.w.org\/{rel}","templated":true}]}}