{"id":2475,"date":"2025-05-17T08:57:44","date_gmt":"2025-05-17T08:57:44","guid":{"rendered":"https:\/\/www.skinful.ee\/?post_type=product&#038;p=2475"},"modified":"2025-11-30T22:32:00","modified_gmt":"2025-11-30T22:32:00","slug":"medicube-pdrn-pink-tone-up-sun-cream-spf50-pa-50ml","status":"publish","type":"product","link":"https:\/\/www.skinful.ee\/?product=medicube-pdrn-pink-tone-up-sun-cream-spf50-pa-50ml","title":{"rendered":"Medicube PDRN Pink Tone Up Sun Cream SPF50+ PA++++ 50ml"},"content":{"rendered":"<p>Kasutamine: Kasuta p\u00e4ikesekaitsekreemi viimase etapina n\u00e4ohoolduses. Kanna v\u00e4ike kogus \u00fchtlaselt nahale v\u00e4ltides silmade \u00fcmbrust.<\/p>\n<p>&nbsp;<\/p>\n<p>Koostisosad: Water, Isononyl Isononanoate, Dipropylene Glycol, Caprylic\/Capric Triglyceride, Titanium Dioxide, Dibutyl Adipate, Diisopropyl Sebacate, Ethylhexyl Triazone, Methyl Trimethicone, Niacinamide, Bis-Ethylhexyloxyphenol Methoxyphenyl Triazine, Methylene Bis-Benzotriazolyl Tetramethylbutylphenol, Sorbitan Isostearate, Behenyl Alcohol, Diethylamino Hydroxybenzoyl Hexyl Benzoate, Polymethylsilsesquioxane, Potassium Cetyl Phosphate, C13-15 Alkane, 1,2-Hexanediol, Caprylyl Glycol, Glycerin, Silica, Decyl Glucoside, Ammonium Polyacryloyldimethyl Taurate, Polyacrylate-13, Polyhydroxystearic Acid, Acrylates\/C10-30 Alkyl Acrylate Crosspolymer, Fragrance, Sodium Polyacrylate, Tromethamine, Alumina, Stearic Acid, Hydrogenated Polyisobutene, Dimethicone\/Vinyl Dimethicone Crosspolymer, Ethylhexylglycerin, Hydroxypropyl Methylcellulose Stearoxy Ether, Adenosine, Disodium EDTA, Polyglyceryl-10 Laurate, Aluminum Hydroxide, Cyanocobalamin, Ethylhexyl Palmitate, Triethoxycaprylylsilane, Xanthan Gum, t-Butyl Alcohol, Glyceryl Acrylate\/Acrylic Acid Copolymer, Sodium Hyaluronate, Collagen Extract, Hydrolyzed Hyaluronic Acid, Hydrolyzed Sodium Hyaluronate, Hydroxypropyltrimonium Hyaluronate, Sodium Acetylated Hyaluronate, Sodium Hyaluronate Crosspolymer, Glutathione, Hyaluronic Acid, Pentylene Glycol, Potassium Hyaluronate, Sodium DNA (0.05 ppb).<\/p>\n","protected":false},"excerpt":{"rendered":"<p>Kolmekordse kaitsega <strong>UUS Medicube PDRN Pink Tone Up SPF50+<\/strong>\u00a0<b>PA++++ <\/b>p\u00e4ikesekaitsekreem pakub sinu nahale t\u00f5husat kaitset UVA- ja UVB- kiirte eest, aidates v\u00e4ltida p\u00e4ikesep\u00f5letust ning naha vananemist. Toote roosakas alatoon \u00fchtlustab koheselt nahatooni ja j\u00e4tab nahale kauni ja s\u00e4rava kuma.<\/p>\n<p>&nbsp;<\/p>\n<p>Patendeeritud koostisega kreem pakub nahale intensiivset niisutust, aidates muuta naha elastseks ja pringiks. Tulemuseks s\u00e4rav, niisutatud ja kaitstud n\u00e4onahk!<\/p>\n","protected":false},"featured_media":2476,"comment_status":"open","ping_status":"closed","template":"","meta":{"site-sidebar-layout":"default","site-content-layout":"","ast-site-content-layout":"default","site-content-style":"default","site-sidebar-style":"default","ast-global-header-display":"","ast-banner-title-visibility":"","ast-main-header-display":"","ast-hfb-above-header-display":"","ast-hfb-below-header-display":"","ast-hfb-mobile-header-display":"","site-post-title":"","ast-breadcrumbs-content":"","ast-featured-img":"","footer-sml-layout":"","theme-transparent-header-meta":"default","adv-header-id-meta":"","stick-header-meta":"","header-above-stick-meta":"","header-main-stick-meta":"","header-below-stick-meta":"","astra-migrate-meta-layouts":"set","ast-page-background-enabled":"default","ast-page-background-meta":{"desktop":{"background-color":"var(--ast-global-color-4)","background-image":"","background-repeat":"repeat","background-position":"center center","background-size":"auto","background-attachment":"scroll","background-type":"","background-media":"","overlay-type":"","overlay-color":"","overlay-opacity":"","overlay-gradient":""},"tablet":{"background-color":"","background-image":"","background-repeat":"repeat","background-position":"center center","background-size":"auto","background-attachment":"scroll","background-type":"","background-media":"","overlay-type":"","overlay-color":"","overlay-opacity":"","overlay-gradient":""},"mobile":{"background-color":"","background-image":"","background-repeat":"repeat","background-position":"center center","background-size":"auto","background-attachment":"scroll","background-type":"","background-media":"","overlay-type":"","overlay-color":"","overlay-opacity":"","overlay-gradient":""}},"ast-content-background-meta":{"desktop":{"background-color":"var(--ast-global-color-5)","background-image":"","background-repeat":"repeat","background-position":"center center","background-size":"auto","background-attachment":"scroll","background-type":"","background-media":"","overlay-type":"","overlay-color":"","overlay-opacity":"","overlay-gradient":""},"tablet":{"background-color":"var(--ast-global-color-5)","background-image":"","background-repeat":"repeat","background-position":"center center","background-size":"auto","background-attachment":"scroll","background-type":"","background-media":"","overlay-type":"","overlay-color":"","overlay-opacity":"","overlay-gradient":""},"mobile":{"background-color":"var(--ast-global-color-5)","background-image":"","background-repeat":"repeat","background-position":"center center","background-size":"auto","background-attachment":"scroll","background-type":"","background-media":"","overlay-type":"","overlay-color":"","overlay-opacity":"","overlay-gradient":""}}},"product_brand":[],"product_cat":[37],"product_tag":[],"class_list":{"0":"post-2475","1":"product","2":"type-product","3":"status-publish","4":"has-post-thumbnail","6":"product_cat-paikesekaitse","7":"desktop-align-left","8":"tablet-align-left","9":"mobile-align-left","11":"first","12":"instock","13":"shipping-taxable","14":"purchasable","15":"product-type-simple"},"_links":{"self":[{"href":"https:\/\/www.skinful.ee\/index.php?rest_route=\/wp\/v2\/product\/2475","targetHints":{"allow":["GET"]}}],"collection":[{"href":"https:\/\/www.skinful.ee\/index.php?rest_route=\/wp\/v2\/product"}],"about":[{"href":"https:\/\/www.skinful.ee\/index.php?rest_route=\/wp\/v2\/types\/product"}],"replies":[{"embeddable":true,"href":"https:\/\/www.skinful.ee\/index.php?rest_route=%2Fwp%2Fv2%2Fcomments&post=2475"}],"wp:featuredmedia":[{"embeddable":true,"href":"https:\/\/www.skinful.ee\/index.php?rest_route=\/wp\/v2\/media\/2476"}],"wp:attachment":[{"href":"https:\/\/www.skinful.ee\/index.php?rest_route=%2Fwp%2Fv2%2Fmedia&parent=2475"}],"wp:term":[{"taxonomy":"product_brand","embeddable":true,"href":"https:\/\/www.skinful.ee\/index.php?rest_route=%2Fwp%2Fv2%2Fproduct_brand&post=2475"},{"taxonomy":"product_cat","embeddable":true,"href":"https:\/\/www.skinful.ee\/index.php?rest_route=%2Fwp%2Fv2%2Fproduct_cat&post=2475"},{"taxonomy":"product_tag","embeddable":true,"href":"https:\/\/www.skinful.ee\/index.php?rest_route=%2Fwp%2Fv2%2Fproduct_tag&post=2475"}],"curies":[{"name":"wp","href":"https:\/\/api.w.org\/{rel}","templated":true}]}}