{"id":2480,"date":"2025-05-17T09:17:34","date_gmt":"2025-05-17T09:17:34","guid":{"rendered":"https:\/\/www.skinful.ee\/?post_type=product&#038;p=2480"},"modified":"2026-04-04T15:48:09","modified_gmt":"2026-04-04T15:48:09","slug":"medicube-pdrn-pink-vita-coating-mask-22g","status":"publish","type":"product","link":"https:\/\/www.skinful.ee\/?product=medicube-pdrn-pink-vita-coating-mask-22g","title":{"rendered":"Medicube PDRN Pink Vita Coating Mask 22g"},"content":{"rendered":"<p>Kasutamine: Kasuta n\u00e4omaski puhtal n\u00e4onahal peale tooniku kasutamist. Aseta mask n\u00e4ole 15-20 minutiks ning eemalda seej\u00e4rel nahalt. Patsuta \u00fclej\u00e4\u00e4nud maski essents nahale ning j\u00e4tka oma tavap\u00e4rast n\u00e4ohooldust.<\/p>\n<p>&nbsp;<\/p>\n<p>Koostisosad: Water, methylpropanediol, glycerin, niacinamide, propanediol, polyglycerin-3, hydroxyacetophenone, polyglyceryl-10 laurate, allantoin, butylene glycol, carbomer, ethylhexylglycerin, tromethamine, adenosine, 1,2-hexanediol, xanthan gum, sodium phytate, fragrance, gardenia extract, sodium DNA (100 ppm), glyceryl acrylate\/acrylic acid copolymer, PVM\/MA copolymer, glyceryl glucoside, sodium hyaluronate, cyanocobalamin (100 ppb), ascorbic acid (100 ppb), soluble collagen.<\/p>\n","protected":false},"excerpt":{"rendered":"<p>Kohene niisutus, v\u00e4rskus ja <em>skin plumping ekfekt\u00a0<\/em>\u00fches n\u00e4omaskis &#8211; <strong>Medicube PDRN Pink Vita Coating<\/strong>. Kahekihiline roosa B12 vitamiini ja l\u00f5he PDRN-iga rikastatud n\u00e4omask tagab naha intensiivse niisutuse ning aitab kaasa kollageeni tootmisele.<\/p>\n<p>&nbsp;<\/p>\n<p><strong>L\u00f5he PDRN<\/strong> &#8211; Niisutab, \u00fchtlustab nahatooni, taastab kahjustunud naharakke ja aitab suurendada kollageeni tootmist.<\/p>\n<p><strong>B12 Vitamiin<\/strong> &#8211; Suurendab n\u00e4ohooldustoodete imendumist, v\u00e4rskendab, rahustab ja annab nahale kohese s\u00e4ra ja v\u00e4rskuse!<\/p>\n<p>&nbsp;<\/p>\n","protected":false},"featured_media":2483,"comment_status":"open","ping_status":"closed","template":"","meta":{"site-sidebar-layout":"default","site-content-layout":"","ast-site-content-layout":"default","site-content-style":"default","site-sidebar-style":"default","ast-global-header-display":"","ast-banner-title-visibility":"","ast-main-header-display":"","ast-hfb-above-header-display":"","ast-hfb-below-header-display":"","ast-hfb-mobile-header-display":"","site-post-title":"","ast-breadcrumbs-content":"","ast-featured-img":"","footer-sml-layout":"","theme-transparent-header-meta":"default","adv-header-id-meta":"","stick-header-meta":"","header-above-stick-meta":"","header-main-stick-meta":"","header-below-stick-meta":"","astra-migrate-meta-layouts":"set","ast-page-background-enabled":"default","ast-page-background-meta":{"desktop":{"background-color":"var(--ast-global-color-4)","background-image":"","background-repeat":"repeat","background-position":"center center","background-size":"auto","background-attachment":"scroll","background-type":"","background-media":"","overlay-type":"","overlay-color":"","overlay-opacity":"","overlay-gradient":""},"tablet":{"background-color":"","background-image":"","background-repeat":"repeat","background-position":"center center","background-size":"auto","background-attachment":"scroll","background-type":"","background-media":"","overlay-type":"","overlay-color":"","overlay-opacity":"","overlay-gradient":""},"mobile":{"background-color":"","background-image":"","background-repeat":"repeat","background-position":"center center","background-size":"auto","background-attachment":"scroll","background-type":"","background-media":"","overlay-type":"","overlay-color":"","overlay-opacity":"","overlay-gradient":""}},"ast-content-background-meta":{"desktop":{"background-color":"var(--ast-global-color-5)","background-image":"","background-repeat":"repeat","background-position":"center center","background-size":"auto","background-attachment":"scroll","background-type":"","background-media":"","overlay-type":"","overlay-color":"","overlay-opacity":"","overlay-gradient":""},"tablet":{"background-color":"var(--ast-global-color-5)","background-image":"","background-repeat":"repeat","background-position":"center center","background-size":"auto","background-attachment":"scroll","background-type":"","background-media":"","overlay-type":"","overlay-color":"","overlay-opacity":"","overlay-gradient":""},"mobile":{"background-color":"var(--ast-global-color-5)","background-image":"","background-repeat":"repeat","background-position":"center center","background-size":"auto","background-attachment":"scroll","background-type":"","background-media":"","overlay-type":"","overlay-color":"","overlay-opacity":"","overlay-gradient":""}}},"product_brand":[],"product_cat":[25],"product_tag":[],"class_list":{"0":"post-2480","1":"product","2":"type-product","3":"status-publish","4":"has-post-thumbnail","6":"product_cat-maskid","7":"desktop-align-left","8":"tablet-align-left","9":"mobile-align-left","11":"first","12":"instock","13":"shipping-taxable","14":"purchasable","15":"product-type-simple"},"_links":{"self":[{"href":"https:\/\/www.skinful.ee\/index.php?rest_route=\/wp\/v2\/product\/2480","targetHints":{"allow":["GET"]}}],"collection":[{"href":"https:\/\/www.skinful.ee\/index.php?rest_route=\/wp\/v2\/product"}],"about":[{"href":"https:\/\/www.skinful.ee\/index.php?rest_route=\/wp\/v2\/types\/product"}],"replies":[{"embeddable":true,"href":"https:\/\/www.skinful.ee\/index.php?rest_route=%2Fwp%2Fv2%2Fcomments&post=2480"}],"wp:featuredmedia":[{"embeddable":true,"href":"https:\/\/www.skinful.ee\/index.php?rest_route=\/wp\/v2\/media\/2483"}],"wp:attachment":[{"href":"https:\/\/www.skinful.ee\/index.php?rest_route=%2Fwp%2Fv2%2Fmedia&parent=2480"}],"wp:term":[{"taxonomy":"product_brand","embeddable":true,"href":"https:\/\/www.skinful.ee\/index.php?rest_route=%2Fwp%2Fv2%2Fproduct_brand&post=2480"},{"taxonomy":"product_cat","embeddable":true,"href":"https:\/\/www.skinful.ee\/index.php?rest_route=%2Fwp%2Fv2%2Fproduct_cat&post=2480"},{"taxonomy":"product_tag","embeddable":true,"href":"https:\/\/www.skinful.ee\/index.php?rest_route=%2Fwp%2Fv2%2Fproduct_tag&post=2480"}],"curies":[{"name":"wp","href":"https:\/\/api.w.org\/{rel}","templated":true}]}}