{"id":2528,"date":"2025-08-22T19:24:41","date_gmt":"2025-08-22T19:24:41","guid":{"rendered":"https:\/\/www.skinful.ee\/?post_type=product&#038;p=2528"},"modified":"2026-04-04T15:49:05","modified_gmt":"2026-04-04T15:49:05","slug":"medicube-pdrn-pink-peptide-seerum-30ml","status":"publish","type":"product","link":"https:\/\/www.skinful.ee\/?product=medicube-pdrn-pink-peptide-seerum-30ml","title":{"rendered":"Medicube PDRN Pink Peptide Seerum 30ml"},"content":{"rendered":"<p>Kasutamine: P\u00e4rast naha puhastamist ja tooniku kasutamist kandke v\u00e4ike kogus seerumit n\u00e4ole ja kaelale. Patsutage \u00f5rnalt, kuni toode on t\u00e4ielikult imendunud ning j\u00e4tkake hooldust n\u00e4okreemiga.<\/p>\n<p>&nbsp;<\/p>\n<p>Koostisosad: Water, Glycerin, Dipropylene Glycol, Isopropyl Myristate, Glycereth-26, 1,2-Hexanediol, Niacinamide, Butylene glycol, Polyglycerin-3, Acrylates\/C10-30 Alkyl Acrylate Crosspolymer, Tromethamine, Sodium Acrylate\/Sodium Acryloyldimethyl Taurate Copolymer, Glyceryl Acrylate\/Acrylic Acid Copolymer, Polyisobutene, PVM\/MA Copolymer, Ethylhexylglycerin, Caprylyl Glycol, Fragrance, Adenosine, Melia Azadirachta Leaf Extract, Sodium Phytate, Sodium Hyaluronate, Melia Azadirachta Flower Extract, Curcuma Longa (Turmeric) Root Extract, Cyanocobalamin, Ubiquinone, Sorbitan Oleate, Caprylyl\/Capryl Glucoside, Rosa Damascena Extract, Sodium DNA, Ocimum Sanctum Leaf Extract, Disodium EDTA, Corallina Officinalis Extract, Acetyl Hexapeptide-8, Copper Tripeptide-1, Palmitoyl Tripeptide-1, Palmitoyl Tetrapeptide-7, Palmitoyl Pentapeptide-4<\/p>\n","protected":false},"excerpt":{"rendered":"<p>Vananemisvastase toimega k\u00f5rgeaktiivne Medicube PDRN Pink Peptide n\u00e4oseerum soodustab naha regeneratsiooni, v\u00e4hendab m\u00e4rgatavlt kortsukesi, muutes naha elastsemaks ja niisutatumaks. Seerum on rikastatud peptiididega ja teiste aktiivsete koostisosadega, mis \u00fchiselt aitavad saavutada tervisliku ja noorusliku s\u00e4ra.<\/p>\n<p><strong><em>Samast sarjast leiad ka teised populaarsed Medicube PDRN tooted!<\/em><\/strong><\/p>\n","protected":false},"featured_media":2529,"comment_status":"open","ping_status":"closed","template":"","meta":{"site-sidebar-layout":"default","site-content-layout":"","ast-site-content-layout":"default","site-content-style":"default","site-sidebar-style":"default","ast-global-header-display":"","ast-banner-title-visibility":"","ast-main-header-display":"","ast-hfb-above-header-display":"","ast-hfb-below-header-display":"","ast-hfb-mobile-header-display":"","site-post-title":"","ast-breadcrumbs-content":"","ast-featured-img":"","footer-sml-layout":"","theme-transparent-header-meta":"default","adv-header-id-meta":"","stick-header-meta":"","header-above-stick-meta":"","header-main-stick-meta":"","header-below-stick-meta":"","astra-migrate-meta-layouts":"set","ast-page-background-enabled":"default","ast-page-background-meta":{"desktop":{"background-color":"var(--ast-global-color-4)","background-image":"","background-repeat":"repeat","background-position":"center center","background-size":"auto","background-attachment":"scroll","background-type":"","background-media":"","overlay-type":"","overlay-color":"","overlay-opacity":"","overlay-gradient":""},"tablet":{"background-color":"","background-image":"","background-repeat":"repeat","background-position":"center center","background-size":"auto","background-attachment":"scroll","background-type":"","background-media":"","overlay-type":"","overlay-color":"","overlay-opacity":"","overlay-gradient":""},"mobile":{"background-color":"","background-image":"","background-repeat":"repeat","background-position":"center center","background-size":"auto","background-attachment":"scroll","background-type":"","background-media":"","overlay-type":"","overlay-color":"","overlay-opacity":"","overlay-gradient":""}},"ast-content-background-meta":{"desktop":{"background-color":"var(--ast-global-color-5)","background-image":"","background-repeat":"repeat","background-position":"center center","background-size":"auto","background-attachment":"scroll","background-type":"","background-media":"","overlay-type":"","overlay-color":"","overlay-opacity":"","overlay-gradient":""},"tablet":{"background-color":"var(--ast-global-color-5)","background-image":"","background-repeat":"repeat","background-position":"center center","background-size":"auto","background-attachment":"scroll","background-type":"","background-media":"","overlay-type":"","overlay-color":"","overlay-opacity":"","overlay-gradient":""},"mobile":{"background-color":"var(--ast-global-color-5)","background-image":"","background-repeat":"repeat","background-position":"center center","background-size":"auto","background-attachment":"scroll","background-type":"","background-media":"","overlay-type":"","overlay-color":"","overlay-opacity":"","overlay-gradient":""}}},"product_brand":[],"product_cat":[23],"product_tag":[],"class_list":{"0":"post-2528","1":"product","2":"type-product","3":"status-publish","4":"has-post-thumbnail","6":"product_cat-seerum","7":"desktop-align-left","8":"tablet-align-left","9":"mobile-align-left","11":"first","12":"instock","13":"shipping-taxable","14":"purchasable","15":"product-type-simple"},"_links":{"self":[{"href":"https:\/\/www.skinful.ee\/index.php?rest_route=\/wp\/v2\/product\/2528","targetHints":{"allow":["GET"]}}],"collection":[{"href":"https:\/\/www.skinful.ee\/index.php?rest_route=\/wp\/v2\/product"}],"about":[{"href":"https:\/\/www.skinful.ee\/index.php?rest_route=\/wp\/v2\/types\/product"}],"replies":[{"embeddable":true,"href":"https:\/\/www.skinful.ee\/index.php?rest_route=%2Fwp%2Fv2%2Fcomments&post=2528"}],"wp:featuredmedia":[{"embeddable":true,"href":"https:\/\/www.skinful.ee\/index.php?rest_route=\/wp\/v2\/media\/2529"}],"wp:attachment":[{"href":"https:\/\/www.skinful.ee\/index.php?rest_route=%2Fwp%2Fv2%2Fmedia&parent=2528"}],"wp:term":[{"taxonomy":"product_brand","embeddable":true,"href":"https:\/\/www.skinful.ee\/index.php?rest_route=%2Fwp%2Fv2%2Fproduct_brand&post=2528"},{"taxonomy":"product_cat","embeddable":true,"href":"https:\/\/www.skinful.ee\/index.php?rest_route=%2Fwp%2Fv2%2Fproduct_cat&post=2528"},{"taxonomy":"product_tag","embeddable":true,"href":"https:\/\/www.skinful.ee\/index.php?rest_route=%2Fwp%2Fv2%2Fproduct_tag&post=2528"}],"curies":[{"name":"wp","href":"https:\/\/api.w.org\/{rel}","templated":true}]}}