{"id":2538,"date":"2025-08-22T19:54:50","date_gmt":"2025-08-22T19:54:50","guid":{"rendered":"https:\/\/www.skinful.ee\/?post_type=product&#038;p=2538"},"modified":"2026-01-10T20:48:47","modified_gmt":"2026-01-10T20:48:47","slug":"celimax-the-vita-a-retinal-shot-tightening-booster-15ml","status":"publish","type":"product","link":"https:\/\/www.skinful.ee\/?product=celimax-the-vita-a-retinal-shot-tightening-booster-15ml","title":{"rendered":"CELIMAX The Vita-A Retinal Shot Tightening Booster 15ml"},"content":{"rendered":"<p>Kasutamine: <strong>NB! Ainult \u00f5htuseks kasutuseks!<\/strong><span style=\"font-size: 16px; -webkit-text-size-adjust: 100%;\"> Kandke v\u00e4ike<\/span><span style=\"font-size: 16px; -webkit-text-size-adjust: 100%;\"> kogus kreemi eelnevalt puhastatud nahale, hajutage s\u00f5rmedega ja laske t\u00e4ielikult imenduda. Seej\u00e4rel kanna nahale igap\u00e4evane n\u00e4okreem<\/span><span style=\"font-size: 16px; -webkit-text-size-adjust: 100%;\">. <em><strong>P\u00e4evasel ajal kasutage kindlasti nahal p\u00e4ikesekaitsekreemi SPF50 PA++++<\/strong><\/em><\/span><\/p>\n<div id=\"shopify-section-template--24420135240027__tabs\" class=\"shopify-section content-indent default\">\n<div id=\"ProductSection-template--24420135240027__tabs\" class=\" page-width\" data-section-id=\"template--24420135240027__tabs\" data-section-type=\"productTabs\">\n<div id=\"productTabs\">\n<div class=\"tab-container mb30 noTabs\">\n<div id=\"ptabDesc\" class=\"tab-content\">\n<div class=\"tb_pr_desc rte\">\n<p><strong>T\u00e4helepanu! <\/strong>Kui te pole varem retinooli kasutanud, alustage kasutamist j\u00e4rk-j\u00e4rgult: n\u00e4iteks 2 korda n\u00e4dalas 2 n\u00e4dala jooksul.<\/p>\n<p>&nbsp;<\/p>\n<\/div>\n<\/div>\n<\/div>\n<\/div>\n<\/div>\n<\/div>\n<p>Koostisosad: <span style=\"font-size: 16px; -webkit-text-size-adjust: 100%;\">Water, Butylene Glycol, Glycerin, Caprylic\/Capric Triglyceride, Cetearyl Alcohol, Niacinamide, Diisostearyl Malate, 1,2-Hexanediol, Polypropylsilsesquioxane, Panthenol, Cetearyl Olivate, Cetearyl Glucoside, Sorbitan Olivate, Hydroxyethyl Acrylate\/Sodium Acryloyldimethyl Taurate Copolymer, Lecithin, Carbomer, Arginine, Dimethicone\/Vinyl Dimethicone Crosspolymer, Tocopherol, Retinal (0.1%), Xanthan Gum, Ethylhexylglycerin, Adenosine, Sorbitan Isostearate, Sodium Lactate, Hydrolyzed Sponge, Disodium EDTA, Polysorbate 20, Ascorbic Acid, Glucose, Palmitoyl Tripeptide-1, Palmitoyl Tetrapeptide-7<\/span><\/p>\n<section id=\"shopify-section-template--24420135240027__17278867031e017cd0\" class=\"shopify-section section\">\n<div class=\"content-indent default\">\n<div id=\"template--24420135240027__17278867031e017cd0\" class=\"page-width \" data-section-id=\"template--24420135240027__17278867031e017cd0\" data-section-type=\"carousel\">\n<div id=\"shopify-block-AV1oxRTVEblpucCtxT__loox_reviews_loox_dynamic_section_TpRzK9\" class=\"shopify-block shopify-app-block\"><\/div>\n<\/div>\n<\/div>\n<\/section>\n","protected":false},"excerpt":{"rendered":"<p><strong>Celimax The Vita-A Retinal Shot Tightening Booster<\/strong> on lokaalseks kasutamiseks m\u00f5eldud pinguldav retinalikreem, mille rikkalik tekstuur sobib vananemisvastaseks hoolduseks. Tootel on tugev lifting-efekt: see ennetab kudede l\u00f5tvumist, hoiab naha toonust ja v\u00e4hendab nii staatilisi kui ka miimilisi kortse, muutes need visuaalselt madalamaks.<\/p>\n<p>Regulaarse kasutamise korral silub kreem naha mikroreljeefi, v\u00e4hendades pooride s\u00fcgavust ja suurust t\u00e4nu naha elastsuse ja tugevuse paranemisele. Samuti aitab toode v\u00e4hendada vanusest ja p\u00f5letikest p\u00f5hjustatud pigmentatsiooni, hajutada aknej\u00e4rgseid ja seisvaid laike ning \u00fchtlustada nahatooni ja tekstuuri, andes nahale loomuliku s\u00e4ra.<\/p>\n<p>&nbsp;<\/p>\n<p><strong>Peamised toimeained:<\/strong><\/p>\n<ul>\n<li><strong>Retinal (0,1%) <\/strong>\u2013 stimuleerib raku tasandil uuenemist, suurendab kollageeni ja elastiini tootmist, omab p\u00f5letikuvastast ja noorendavat toimet. Reguleerib rasueritust, silub kortse, ahendab poore ja parandab nahatooni.<\/li>\n<li><strong>A-Shot\u2122 <\/strong>\u2013 patenteeritud mikrokan\u00fc\u00fclide kompleks (20 250 t\u00fckki) viib toimeained s\u00fcgavale epidermisesse, ergutades uuenemist. \u00d5rnalt kooriv, parandab tekstuuri ja v\u00e4hendab h\u00fcperpigmentatsiooni.<\/li>\n<li><strong>Matrixyl\u00ae3000 (3%) <\/strong>\u2013 peptiidide kompleks (Palmitoyl Tripeptide-1, Palmitoyl Tetrapeptide-7), mis tugevdab rakkudevahelist maatriksit ja stimuleerib kollageeni ning h\u00fcaluroonhappe tootmist. Pinguldab ja taastab naha elastsuse, aitab modelleerida n\u00e4okontuuri.<\/li>\n<li><strong>Pantenool (1%) <\/strong>\u2013 taastab sarvkihi, tugevdab naha kaitsev\u00f5imet, kiirendab paranemist, v\u00e4hendab punetust ja \u00e4rritust.<\/li>\n<li><strong>Niasiiniamid (vitamiin B3<\/strong>) \u2013 stimuleerib kollageeni s\u00fcnteesi, v\u00e4hendab niiskuskadu, rahustab ja \u00fchtlustab nahka, aitab pigmendilaike heledamaks muuta ning ahendab poore.<\/li>\n<li><strong>Askorbiinhape <\/strong>\u2013 C-vitamiini aktiivne, kuid ebastabiilne vorm, millel on tugev vananemis- ja pigmendivastane toime.<\/li>\n<\/ul>\n","protected":false},"featured_media":2539,"comment_status":"open","ping_status":"closed","template":"","meta":{"site-sidebar-layout":"default","site-content-layout":"","ast-site-content-layout":"default","site-content-style":"default","site-sidebar-style":"default","ast-global-header-display":"","ast-banner-title-visibility":"","ast-main-header-display":"","ast-hfb-above-header-display":"","ast-hfb-below-header-display":"","ast-hfb-mobile-header-display":"","site-post-title":"","ast-breadcrumbs-content":"","ast-featured-img":"","footer-sml-layout":"","theme-transparent-header-meta":"default","adv-header-id-meta":"","stick-header-meta":"","header-above-stick-meta":"","header-main-stick-meta":"","header-below-stick-meta":"","astra-migrate-meta-layouts":"set","ast-page-background-enabled":"default","ast-page-background-meta":{"desktop":{"background-color":"var(--ast-global-color-4)","background-image":"","background-repeat":"repeat","background-position":"center center","background-size":"auto","background-attachment":"scroll","background-type":"","background-media":"","overlay-type":"","overlay-color":"","overlay-opacity":"","overlay-gradient":""},"tablet":{"background-color":"","background-image":"","background-repeat":"repeat","background-position":"center center","background-size":"auto","background-attachment":"scroll","background-type":"","background-media":"","overlay-type":"","overlay-color":"","overlay-opacity":"","overlay-gradient":""},"mobile":{"background-color":"","background-image":"","background-repeat":"repeat","background-position":"center center","background-size":"auto","background-attachment":"scroll","background-type":"","background-media":"","overlay-type":"","overlay-color":"","overlay-opacity":"","overlay-gradient":""}},"ast-content-background-meta":{"desktop":{"background-color":"var(--ast-global-color-5)","background-image":"","background-repeat":"repeat","background-position":"center center","background-size":"auto","background-attachment":"scroll","background-type":"","background-media":"","overlay-type":"","overlay-color":"","overlay-opacity":"","overlay-gradient":""},"tablet":{"background-color":"var(--ast-global-color-5)","background-image":"","background-repeat":"repeat","background-position":"center center","background-size":"auto","background-attachment":"scroll","background-type":"","background-media":"","overlay-type":"","overlay-color":"","overlay-opacity":"","overlay-gradient":""},"mobile":{"background-color":"var(--ast-global-color-5)","background-image":"","background-repeat":"repeat","background-position":"center center","background-size":"auto","background-attachment":"scroll","background-type":"","background-media":"","overlay-type":"","overlay-color":"","overlay-opacity":"","overlay-gradient":""}}},"product_brand":[],"product_cat":[24],"product_tag":[],"class_list":{"0":"post-2538","1":"product","2":"type-product","3":"status-publish","4":"has-post-thumbnail","6":"product_cat-kreemid","7":"desktop-align-left","8":"tablet-align-left","9":"mobile-align-left","11":"first","12":"outofstock","13":"shipping-taxable","14":"purchasable","15":"product-type-simple"},"_links":{"self":[{"href":"https:\/\/www.skinful.ee\/index.php?rest_route=\/wp\/v2\/product\/2538","targetHints":{"allow":["GET"]}}],"collection":[{"href":"https:\/\/www.skinful.ee\/index.php?rest_route=\/wp\/v2\/product"}],"about":[{"href":"https:\/\/www.skinful.ee\/index.php?rest_route=\/wp\/v2\/types\/product"}],"replies":[{"embeddable":true,"href":"https:\/\/www.skinful.ee\/index.php?rest_route=%2Fwp%2Fv2%2Fcomments&post=2538"}],"wp:featuredmedia":[{"embeddable":true,"href":"https:\/\/www.skinful.ee\/index.php?rest_route=\/wp\/v2\/media\/2539"}],"wp:attachment":[{"href":"https:\/\/www.skinful.ee\/index.php?rest_route=%2Fwp%2Fv2%2Fmedia&parent=2538"}],"wp:term":[{"taxonomy":"product_brand","embeddable":true,"href":"https:\/\/www.skinful.ee\/index.php?rest_route=%2Fwp%2Fv2%2Fproduct_brand&post=2538"},{"taxonomy":"product_cat","embeddable":true,"href":"https:\/\/www.skinful.ee\/index.php?rest_route=%2Fwp%2Fv2%2Fproduct_cat&post=2538"},{"taxonomy":"product_tag","embeddable":true,"href":"https:\/\/www.skinful.ee\/index.php?rest_route=%2Fwp%2Fv2%2Fproduct_tag&post=2538"}],"curies":[{"name":"wp","href":"https:\/\/api.w.org\/{rel}","templated":true}]}}