{"id":2575,"date":"2025-11-10T13:37:21","date_gmt":"2025-11-10T13:37:21","guid":{"rendered":"https:\/\/www.skinful.ee\/?post_type=product&#038;p=2575"},"modified":"2026-03-07T11:07:05","modified_gmt":"2026-03-07T11:07:05","slug":"vt-cosmetics-reedle-shot-varskendav-juuksekasvu-shampoon","status":"publish","type":"product","link":"https:\/\/www.skinful.ee\/?product=vt-cosmetics-reedle-shot-varskendav-juuksekasvu-shampoon","title":{"rendered":"Vt Cosmetics Reedle Shot v\u00e4rskendav juuksekasvu shampoon 200ml"},"content":{"rendered":"<p>Kasutamine: Kanna shampooni piisavas koguses niiskele peanahale ning masseeri korralikult, loputa hoolikalt. Vajadusel korda. T\u00e4nu \u00f5rnale kuid t\u00f5husale koostisele, sobib shampoon ideaalselt igap\u00e4evaseks kasutuseks.<\/p>\n<p>&nbsp;<\/p>\n<p>Koostisosad:<\/p>\n<div class=\"rte\">\n<ul>\n<li id=\"product-tab--c7184e94-a94f-4583-a6a0-649b814ddf6a\" class=\" product-tabs__tab-item \" aria-hidden=\"false\" data-tab-item=\"\">\n<div class=\"rte\">\n<p><span class=\"metafield-multi_line_text_field\">Water, Sodium Laureth Sulfate, Ammonium Lauryl Sulfate, Cocamidopropyl Betaine, Glycol Distearate, Sodium Chloride, Menthol, Cocamide MEA, Sodium Benzoate, Fragrance, Guar Hydroxypropyltrimonium Chloride, Panthenol, PPG-3 Caprylyl Ether, Salicylic Acid, Trihydroxystearin, Cetyl Alcohol, Citric Acid, Ethylhexylglycerin, Lauryl Alcohol, Niacinamide, Arginine, Ammonium Sulfate, Disodium EDTA, Butylene Glycol, Myristyl Alcohol, Stearyl Alcohol, Propanediol, 1,2-Hexanediol, Piroctone Olamine, Centella Asiatica Extract, Eucommia Ulmoides Bark Extract, Aspalathus Linearis Extract, Azadirachta Indica Leaf Extract, Eclipta Prostrata Extract, Houttuynia Cordata Extract, Urtica Dioica (Nettle) Leaf Extract, Camellia Sinensis Leaf Extract, Mentha Rotundifolia Leaf Extract, Thymus Vulgaris (Thyme) Leaf Extract, Silica, Panax Ginseng Root Extract, Sodium Hyaluronate, Propolis Extract, Asiaticoside, Sodium DNA (0.5 ppb), Asiatic Acid, Madecassic Acid, Madecassoside<\/span><\/p>\n<\/div>\n<\/li>\n<\/ul>\n<\/div>\n","protected":false},"excerpt":{"rendered":"<p>UUS! Vt Cosmetics Reedle shot sarja peanahka v\u00e4rskendav ja juuksekasvu stimuleeriv shampoon on eksklusiivselt saadaval vaid Skinful e-poes!<\/p>\n<p>&nbsp;<\/p>\n<p data-start=\"136\" data-end=\"527\"><strong data-start=\"136\" data-end=\"180\">Reedle Shot tehnoloogial p\u00f5hinev \u0161ampoon<\/strong> on uuenduslik juuksehooldustoode, mis aitab t\u00f5husalt v\u00e4hendada juuste v\u00e4ljalangemist ning toetab uute ja tugevamate juuste kasvu. T\u00e4nu \u0161ampooni koostises olevatele <strong data-start=\"345\" data-end=\"376\">Cica Reedle mikroosakestele<\/strong> stimuleeritakse peanaha vereringet ja juuksefolliikuleid, mis soodustab juuste loomulikku uuenemist ja tugevdab nende struktuuri juba juuretasandil.<\/p>\n<p data-start=\"529\" data-end=\"878\">Toode on dermatoloogiliselt testitud, \u00f5rn ja turvaline ka tundlikule peanahale. Regulaarne kasutamine muudab juuksed tihedamaks, tervemaks ja eluj\u00f5ulisemaks, andes neile kauni l\u00e4ike ja tugevuse. Sobib suurep\u00e4raselt igap\u00e4evaseks kasutamiseks k\u00f5igile, kes soovivad parandada oma juuste \u00fcldist tervist ja v\u00e4hendada liigset v\u00e4ljalangemist.<\/p>\n","protected":false},"featured_media":2576,"comment_status":"open","ping_status":"closed","template":"","meta":{"site-sidebar-layout":"default","site-content-layout":"","ast-site-content-layout":"default","site-content-style":"default","site-sidebar-style":"default","ast-global-header-display":"","ast-banner-title-visibility":"","ast-main-header-display":"","ast-hfb-above-header-display":"","ast-hfb-below-header-display":"","ast-hfb-mobile-header-display":"","site-post-title":"","ast-breadcrumbs-content":"","ast-featured-img":"","footer-sml-layout":"","theme-transparent-header-meta":"default","adv-header-id-meta":"","stick-header-meta":"","header-above-stick-meta":"","header-main-stick-meta":"","header-below-stick-meta":"","astra-migrate-meta-layouts":"set","ast-page-background-enabled":"default","ast-page-background-meta":{"desktop":{"background-color":"var(--ast-global-color-4)","background-image":"","background-repeat":"repeat","background-position":"center center","background-size":"auto","background-attachment":"scroll","background-type":"","background-media":"","overlay-type":"","overlay-color":"","overlay-opacity":"","overlay-gradient":""},"tablet":{"background-color":"","background-image":"","background-repeat":"repeat","background-position":"center center","background-size":"auto","background-attachment":"scroll","background-type":"","background-media":"","overlay-type":"","overlay-color":"","overlay-opacity":"","overlay-gradient":""},"mobile":{"background-color":"","background-image":"","background-repeat":"repeat","background-position":"center center","background-size":"auto","background-attachment":"scroll","background-type":"","background-media":"","overlay-type":"","overlay-color":"","overlay-opacity":"","overlay-gradient":""}},"ast-content-background-meta":{"desktop":{"background-color":"var(--ast-global-color-5)","background-image":"","background-repeat":"repeat","background-position":"center center","background-size":"auto","background-attachment":"scroll","background-type":"","background-media":"","overlay-type":"","overlay-color":"","overlay-opacity":"","overlay-gradient":""},"tablet":{"background-color":"var(--ast-global-color-5)","background-image":"","background-repeat":"repeat","background-position":"center center","background-size":"auto","background-attachment":"scroll","background-type":"","background-media":"","overlay-type":"","overlay-color":"","overlay-opacity":"","overlay-gradient":""},"mobile":{"background-color":"var(--ast-global-color-5)","background-image":"","background-repeat":"repeat","background-position":"center center","background-size":"auto","background-attachment":"scroll","background-type":"","background-media":"","overlay-type":"","overlay-color":"","overlay-opacity":"","overlay-gradient":""}}},"product_brand":[],"product_cat":[38],"product_tag":[],"class_list":{"0":"post-2575","1":"product","2":"type-product","3":"status-publish","4":"has-post-thumbnail","6":"product_cat-juuksehooldus","7":"desktop-align-left","8":"tablet-align-left","9":"mobile-align-left","11":"first","12":"instock","13":"shipping-taxable","14":"purchasable","15":"product-type-simple"},"_links":{"self":[{"href":"https:\/\/www.skinful.ee\/index.php?rest_route=\/wp\/v2\/product\/2575","targetHints":{"allow":["GET"]}}],"collection":[{"href":"https:\/\/www.skinful.ee\/index.php?rest_route=\/wp\/v2\/product"}],"about":[{"href":"https:\/\/www.skinful.ee\/index.php?rest_route=\/wp\/v2\/types\/product"}],"replies":[{"embeddable":true,"href":"https:\/\/www.skinful.ee\/index.php?rest_route=%2Fwp%2Fv2%2Fcomments&post=2575"}],"wp:featuredmedia":[{"embeddable":true,"href":"https:\/\/www.skinful.ee\/index.php?rest_route=\/wp\/v2\/media\/2576"}],"wp:attachment":[{"href":"https:\/\/www.skinful.ee\/index.php?rest_route=%2Fwp%2Fv2%2Fmedia&parent=2575"}],"wp:term":[{"taxonomy":"product_brand","embeddable":true,"href":"https:\/\/www.skinful.ee\/index.php?rest_route=%2Fwp%2Fv2%2Fproduct_brand&post=2575"},{"taxonomy":"product_cat","embeddable":true,"href":"https:\/\/www.skinful.ee\/index.php?rest_route=%2Fwp%2Fv2%2Fproduct_cat&post=2575"},{"taxonomy":"product_tag","embeddable":true,"href":"https:\/\/www.skinful.ee\/index.php?rest_route=%2Fwp%2Fv2%2Fproduct_tag&post=2575"}],"curies":[{"name":"wp","href":"https:\/\/api.w.org\/{rel}","templated":true}]}}